{"id":34431,"date":"2025-02-19T12:42:31","date_gmt":"2025-02-19T11:42:31","guid":{"rendered":"https:\/\/hameaudeletoile.com\/?post_type=rencontres&#038;p=34431"},"modified":"2025-07-31T18:08:14","modified_gmt":"2025-07-31T16:08:14","slug":"festival-de-lacte-arnaud-riou","status":"publish","type":"rencontres","link":"https:\/\/hameaudeletoile.com\/en\/rencontres\/festival-de-lacte-arnaud-riou\/","title":{"rendered":"Festival de L\u2019ACTE, organis\u00e9 par Arnaud Riou"},"featured_media":0,"template":"","meta":{"_acf_changed":false,"_kad_blocks_custom_css":"","_kad_blocks_head_custom_js":"","_kad_blocks_body_custom_js":"","_kad_blocks_footer_custom_js":"","_kadence_starter_templates_imported_post":false,"_kad_post_transparent":"default","_kad_post_title":"default","_kad_post_layout":"default","_kad_post_sidebar_id":"","_kad_post_content_style":"default","_kad_post_vertical_padding":"default","_kad_post_feature":"","_kad_post_feature_position":"","_kad_post_header":false,"_kad_post_footer":false,"_kad_post_classname":""},"rencontres-categories":[14],"class_list":["post-34431","rencontres","type-rencontres","status-publish","hentry","rencontres-categories-festivals"],"acf":{"rencontre-theme-1":23640,"rencontre-theme-2":23698,"rencontre-theme-3":23693,"rencontre-date-et-heure-de-debut":"2025-08-01 16:00:00","rencontre-date-et-heure-de-fin":"2025-08-03 16:00:00","rencontre_tarifs":500,"rencontre_tarifs_early_bird":"","date_fin_tarif_early_bird":null,"lien_de_reservation":"https:\/\/www.billetweb.fr\/festival-de-lacte-2025","rencontre-descriptif":"<a href=\"https:\/\/academiedelacte.com\/festival-2025\/\" target=\"_blank\" rel=\"noopener\"><img class=\"aligncenter wp-image-35043 size-full\" src=\"https:\/\/hameaudeletoile.com\/wp-content\/uploads\/2025\/02\/Copie-de-Festival-de-lacte-2025.webp\" alt=\"Festival de L\u2019ACTE, organis\u00e9 par Arnaud Riou\" width=\"1655\" height=\"642\" \/><\/a>\r\n<p data-start=\"116\" data-end=\"572\">Le Festival de l\u2019ACTE est une invitation \u00e0 vivre trois jours d\u2019exp\u00e9riences immersives m\u00ealant <strong data-start=\"213\" data-end=\"278\">arts sacr\u00e9s, traditions ancestrales et c\u00e9l\u00e9bration collective<\/strong>. Dans le cadre naturel du Hameau de l\u2019\u00c9toile, ce rassemblement propose un espace pour respirer, se ressourcer et explorer ensemble les dimensions sacr\u00e9es de nos vies, accompagn\u00e9 par des enseignants et artistes inspirants tels qu\u2019<strong data-start=\"472\" data-end=\"569\">Arnaud Riou, les chamans Ojaswin et Waimaania, le violoncelliste Jean-Paul Dessy, la danseuse Isaris Junique Munier et K\u00e9a Music<\/strong>.<\/p>\r\n<p data-start=\"574\" data-end=\"738\">Tout au long du festival, des <strong data-start=\"604\" data-end=\"652\">enseignements, rituels, concerts et ateliers<\/strong> rythmeront cette exp\u00e9rience, favorisant une connexion profonde \u00e0 soi et aux autres.<\/p>\r\n\r\n<h5>Au Programme<\/h5>\r\n<strong>Vendredi 1er ao\u00fbt<\/strong>\r\n<ul>\r\n \t<li>15h : Accueil public possible<\/li>\r\n \t<li>17h -19h : Ouverture du festival \u2013 Grand Cercle sous le chapiteau<\/li>\r\n \t<li>19h - 21h : D\u00eener<\/li>\r\n \t<li>21h30 - Minuit : Rituel et concert sous le chapiteau<\/li>\r\n<\/ul>\r\n<strong>Samedi 2 ao\u00fbt<\/strong>\r\n<ul>\r\n \t<li>7h - 9h : Petit-d\u00e9jeuner<\/li>\r\n \t<li>9h - 11h : Enseignements sous le chapiteau avec Arnaud Riou et les intervenants<\/li>\r\n \t<li>11h - 13h : Ateliers au choix, d\u00e9tente \u00e0 la piscine ou temps libre<\/li>\r\n \t<li>12h30 - 14h : D\u00e9jeuner<\/li>\r\n \t<li>15h30 - 17h : Reprise - Pratiques collectives sous le chapiteau avec Arnaud Riou et les intervenants<\/li>\r\n \t<li>17h30 - 19h : Ateliers au choix, d\u00e9tente \u00e0 la piscine ou temps libre<\/li>\r\n \t<li>19h - 21h : D\u00eener<\/li>\r\n \t<li>21h30 - Minuit : Rituel et concert sous le chapiteau<\/li>\r\n<\/ul>\r\n<strong>Dimanche 3 ao\u00fbt<\/strong>\r\n<ul>\r\n \t<li>7h - 9h : Petit-d\u00e9jeuner<\/li>\r\n \t<li>9h30 -11h : Pl\u00e9ni\u00e8re ou ateliers <em>(les chambres doivent \u00eatre lib\u00e9r\u00e9es \u00e0 11h)<\/em><\/li>\r\n \t<li>11h - 12h30 : Pl\u00e9ni\u00e8re sous le chapiteau ou ateliers<\/li>\r\n \t<li>12h30 - 14H : D\u00e9jeuner<\/li>\r\n \t<li>15h - 16h : Cl\u00f4ture sous le chapiteau<\/li>\r\n<\/ul>\r\n<h5>\u00c0 qui s\u2019adresse ce festival ?<\/h5>\r\nCe festival est fait pour vous si :\r\n<ul>\r\n \t<li>Vous ressentez le besoin de vous<strong> reconnecter \u00e0 l'essentiel<\/strong><\/li>\r\n \t<li>Vous cherchez \u00e0 <strong>vivre des exp\u00e9riences sacr\u00e9es<\/strong> dans un cadre bienveillant<\/li>\r\n \t<li>Vous souhaitez <strong>d\u00e9couvrir ou approfondir des pratiques ancestrales<\/strong><\/li>\r\n \t<li>Vous aimeriez <strong>rencontrer une communaut\u00e9 partageant des valeurs similaires<\/strong><\/li>\r\n \t<li>Vous \u00eates curieux d'<strong>explorer diff\u00e9rentes traditions spirituelles<\/strong> de fa\u00e7on vivante et accessible<\/li>\r\n<\/ul>\r\n<h5>Les intervenants<\/h5>\r\n<strong><a href=\"https:\/\/hameaudeletoile.com\/animateurs\/arnaud-riou-stages\/\" target=\"_blank\" rel=\"noopener\">Arnaud Riou<\/a> :<\/strong>\r\nAuteur, enseignant et fondateur de la Acad\u00e9mie de l\u2019ACTE, il transmet une sagesse m\u00ealant arts traditionnels, spiritualit\u00e9 et d\u00e9veloppement personnel.\r\n\r\n<strong>Kea Music :<\/strong>\r\nC\u00e9line Peltier \u2013 Sonoth\u00e9rapeute et praticienne en massages sonores, elle accompagne par les vibrations du son vers un mieux-\u00eatre profond.\r\nJean-Ren\u00e9 Lourtet \u2013 Sonoth\u00e9rapeute et \u00e9nerg\u00e9ticien, il utilise la r\u00e9sonance des bols chantants pour favoriser l\u2019harmonisation du corps et de l\u2019esprit.\r\n\r\n<strong>Les chamans Ojaswin et Waimaania :<\/strong>\r\nOjasvin \u2013 H\u00e9ritier de la tradition maorie et Waitaha, il transmet sa sagesse ancestrale \u00e0 travers la danse, la musique et l\u2019art sacr\u00e9.\r\nWaimaania \u2013 Initi\u00e9e au Maori Karanga, elle perp\u00e9tue les pratiques de gu\u00e9rison maories \u00e0 travers les rituels, la pri\u00e8re et la g\u00e9om\u00e9trie sacr\u00e9e.\r\n\r\n<strong>Jean-Paul Dessy :<\/strong>\r\nCompositeur, chef d\u2019orchestre et violoncelliste, il explore la musique comme voie de m\u00e9ditation et organise les \u201cAteliers du Silence\u201d.\r\n\r\n<strong>Isaris Junique Munier :<\/strong>\r\n<span style=\"font-family: var(--global-body-font-family);\">Psychomotricienne et danseuse initi\u00e9e aux voies mystiques, elle allie nature et spiritualit\u00e9 pour guider vers l\u2019\u00e9veil du corps et de l\u2019\u00e2me.<\/span>\r\n<p style=\"text-align: center;\"><a class=\"shop_frame\" title=\"Vente de billets en ligne\" href=\"https:\/\/www.billetweb.fr\/shop.php?event=festival-de-lacte-2025\" target=\"_blank\" rel=\"noopener\" data-src=\"https:\/\/www.billetweb.fr\/shop.php?event=festival-de-lacte-2025\" data-max-width=\"100%\" data-initial-height=\"600\" data-scrolling=\"no\" data-id=\"festival-de-lacte-2025\" data-resize=\"1\">Vente de billets en ligne<\/a><script type=\"text\/javascript\" src=\"https:\/\/www.billetweb.fr\/js\/export.js\"><\/script><\/p>","etiquettes":"Nouveaut\u00e9","annuler":false,"organisateur":34427,"organisateur-animateur-1":"Arnaud Riou","organisateur-animateur-2":"\u00c9quipe du Festival de l\u2019Acte","organisateur-animateur-3":"","organisateur-numero-de-telephone":"06 16 74 52 51","organisateur-adresse-email":"alexandra@riou-communication.com","organisateur-site-internet":"https:\/\/academiedelacte.com\/","old_rencontre_id":""},"taxonomy_info":{"rencontres-categories":[{"value":14,"label":"Festivals"}]},"featured_image_src_large":false,"author_info":[],"comment_info":"","_links":{"self":[{"href":"https:\/\/hameaudeletoile.com\/en\/wp-json\/wp\/v2\/rencontres\/34431","targetHints":{"allow":["GET"]}}],"collection":[{"href":"https:\/\/hameaudeletoile.com\/en\/wp-json\/wp\/v2\/rencontres"}],"about":[{"href":"https:\/\/hameaudeletoile.com\/en\/wp-json\/wp\/v2\/types\/rencontres"}],"version-history":[{"count":34,"href":"https:\/\/hameaudeletoile.com\/en\/wp-json\/wp\/v2\/rencontres\/34431\/revisions"}],"predecessor-version":[{"id":36866,"href":"https:\/\/hameaudeletoile.com\/en\/wp-json\/wp\/v2\/rencontres\/34431\/revisions\/36866"}],"acf:post":[{"embeddable":true,"href":"https:\/\/hameaudeletoile.com\/en\/wp-json\/wp\/v2\/organisateurs\/34427"},{"embeddable":true,"href":"https:\/\/hameaudeletoile.com\/en\/wp-json\/wp\/v2\/themes-rencontres\/23693"},{"embeddable":true,"href":"https:\/\/hameaudeletoile.com\/en\/wp-json\/wp\/v2\/themes-rencontres\/23698"},{"embeddable":true,"href":"https:\/\/hameaudeletoile.com\/en\/wp-json\/wp\/v2\/themes-rencontres\/23640"}],"wp:attachment":[{"href":"https:\/\/hameaudeletoile.com\/en\/wp-json\/wp\/v2\/media?parent=34431"}],"wp:term":[{"taxonomy":"rencontres-categories","embeddable":true,"href":"https:\/\/hameaudeletoile.com\/en\/wp-json\/wp\/v2\/rencontres-categories?post=34431"}],"curies":[{"name":"wp","href":"https:\/\/api.w.org\/{rel}","templated":true}]}}

Festival de L’ACTE, organisé par Arnaud Riou

<a href="https://academiedelacte.com/festival-2025/" target="_blank" rel="noopener"><img class="aligncenter wp-image-35043 size-full" src="https://hameaudeletoile.com/wp-content/uploads/2025/02/Copie-de-Festival-de-lacte-2025.webp" alt="Festival de L’ACTE, organisé par Arnaud Riou" width="1655" height="642" /></a>
<p data-start="116" data-end="572">Le Festival de l’ACTE est une invitation à vivre trois jours d’expériences immersives mêlant <strong data-start="213" data-end="278">arts sacrés, traditions ancestrales et célébration collective</strong>. Dans le cadre naturel du Hameau de l’Étoile, ce rassemblement propose un espace pour respirer, se ressourcer et explorer ensemble les dimensions sacrées de nos vies, accompagné par des enseignants et artistes inspirants tels qu’<strong data-start="472" data-end="569">Arnaud Riou, les chamans Ojaswin et Waimaania, le violoncelliste Jean-Paul Dessy, la danseuse Isaris Junique Munier et Kéa Music</strong>.</p>
<p data-start="574" data-end="738">Tout au long du festival, des <strong data-start="604" data-end="652">enseignements, rituels, concerts et ateliers</strong> rythmeront cette expérience, favorisant une connexion profonde à soi et aux autres.</p>

<h5>Au Programme</h5>
<strong>Vendredi 1er août</strong>
<ul>
 	<li>15h : Accueil public possible</li>
 	<li>17h -19h : Ouverture du festival – Grand Cercle sous le chapiteau</li>
 	<li>19h - 21h : Dîner</li>
 	<li>21h30 - Minuit : Rituel et concert sous le chapiteau</li>
</ul>
<strong>Samedi 2 août</strong>
<ul>
 	<li>7h - 9h : Petit-déjeuner</li>
 	<li>9h - 11h : Enseignements sous le chapiteau avec Arnaud Riou et les intervenants</li>
 	<li>11h - 13h : Ateliers au choix, détente à la piscine ou temps libre</li>
 	<li>12h30 - 14h : Déjeuner</li>
 	<li>15h30 - 17h : Reprise - Pratiques collectives sous le chapiteau avec Arnaud Riou et les intervenants</li>
 	<li>17h30 - 19h : Ateliers au choix, détente à la piscine ou temps libre</li>
 	<li>19h - 21h : Dîner</li>
 	<li>21h30 - Minuit : Rituel et concert sous le chapiteau</li>
</ul>
<strong>Dimanche 3 août</strong>
<ul>
 	<li>7h - 9h : Petit-déjeuner</li>
 	<li>9h30 -11h : Plénière ou ateliers <em>(les chambres doivent être libérées à 11h)</em></li>
 	<li>11h - 12h30 : Plénière sous le chapiteau ou ateliers</li>
 	<li>12h30 - 14H : Déjeuner</li>
 	<li>15h - 16h : Clôture sous le chapiteau</li>
</ul>
<h5>À qui s’adresse ce festival ?</h5>
Ce festival est fait pour vous si :
<ul>
 	<li>Vous ressentez le besoin de vous<strong> reconnecter à l'essentiel</strong></li>
 	<li>Vous cherchez à <strong>vivre des expériences sacrées</strong> dans un cadre bienveillant</li>
 	<li>Vous souhaitez <strong>découvrir ou approfondir des pratiques ancestrales</strong></li>
 	<li>Vous aimeriez <strong>rencontrer une communauté partageant des valeurs similaires</strong></li>
 	<li>Vous êtes curieux d'<strong>explorer différentes traditions spirituelles</strong> de façon vivante et accessible</li>
</ul>
<h5>Les intervenants</h5>
<strong><a href="https://hameaudeletoile.com/animateurs/arnaud-riou-stages/" target="_blank" rel="noopener">Arnaud Riou</a> :</strong>
Auteur, enseignant et fondateur de la Académie de l’ACTE, il transmet une sagesse mêlant arts traditionnels, spiritualité et développement personnel.

<strong>Kea Music :</strong>
Céline Peltier – Sonothérapeute et praticienne en massages sonores, elle accompagne par les vibrations du son vers un mieux-être profond.
Jean-René Lourtet – Sonothérapeute et énergéticien, il utilise la résonance des bols chantants pour favoriser l’harmonisation du corps et de l’esprit.

<strong>Les chamans Ojaswin et Waimaania :</strong>
Ojasvin – Héritier de la tradition maorie et Waitaha, il transmet sa sagesse ancestrale à travers la danse, la musique et l’art sacré.
Waimaania – Initiée au Maori Karanga, elle perpétue les pratiques de guérison maories à travers les rituels, la prière et la géométrie sacrée.

<strong>Jean-Paul Dessy :</strong>
Compositeur, chef d’orchestre et violoncelliste, il explore la musique comme voie de méditation et organise les “Ateliers du Silence”.

<strong>Isaris Junique Munier :</strong>
<span style="font-family: var(--global-body-font-family);">Psychomotricienne et danseuse initiée aux voies mystiques, elle allie nature et spiritualité pour guider vers l’éveil du corps et de l’âme.</span>
<p style="text-align: center;"><a class="shop_frame" title="Vente de billets en ligne" href="https://www.billetweb.fr/shop.php?event=festival-de-lacte-2025" target="_blank" rel="noopener" data-src="https://www.billetweb.fr/shop.php?event=festival-de-lacte-2025" data-max-width="100%" data-initial-height="600" data-scrolling="no" data-id="festival-de-lacte-2025" data-resize="1">Vente de billets en ligne</a><script type="text/javascript" src="https://www.billetweb.fr/js/export.js"></script></p>

Nouveauté

Équipe du Festival de l’Acte
