{"id":28385,"date":"2024-06-21T15:04:11","date_gmt":"2024-06-21T13:04:11","guid":{"rendered":"https:\/\/staging2.hameaudeletoile.com\/?post_type=rencontres&#038;p=28385"},"modified":"2024-09-26T10:43:57","modified_gmt":"2024-09-26T08:43:57","slug":"formation-professionnelle-transformational-breath-iv-b","status":"publish","type":"rencontres","link":"https:\/\/hameaudeletoile.com\/en\/rencontres\/formation-professionnelle-transformational-breath-iv-b\/","title":{"rendered":"Formation Professionnelle Transformational Breath\u00ae  IV B"},"featured_media":0,"template":"","meta":{"_acf_changed":false,"_kad_blocks_custom_css":"","_kad_blocks_head_custom_js":"","_kad_blocks_body_custom_js":"","_kad_blocks_footer_custom_js":"","_kadence_starter_templates_imported_post":false,"_kad_post_transparent":"default","_kad_post_title":"default","_kad_post_layout":"default","_kad_post_sidebar_id":"","_kad_post_content_style":"default","_kad_post_vertical_padding":"default","_kad_post_feature":"","_kad_post_feature_position":"","_kad_post_header":false,"_kad_post_footer":false,"_kad_post_classname":""},"rencontres-categories":[],"class_list":["post-28385","rencontres","type-rencontres","status-publish","hentry"],"acf":{"rencontre-theme-1":23742,"rencontre-theme-2":23689,"rencontre-theme-3":23751,"rencontre-date-et-heure-de-debut":"2024-10-14 17:30:00","rencontre-date-et-heure-de-fin":"2024-10-21 15:00:00","rencontre_tarifs":"","rencontre_tarifs_early_bird":"","date_fin_tarif_early_bird":null,"lien_de_reservation":"https:\/\/docs.google.com\/forms\/d\/e\/1FAIpQLScpwqfCr4Ea5VZkGpeegQeKMyz_KXnzlNjFo90CZ8toZDFHhQ\/viewform","rencontre-descriptif":"<p class=\"mf-18 mlh-26\"><span class=\"mf-18 mlh-26\">Amenez votre pratique de Transformational Breath\u00ae <\/span><span class=\"mf-18 mlh-26\">sur un autre niveau !<\/span><\/p>\r\n\r\n<h5>Le programme - le contenu :<\/h5>\r\n<p class=\"mf-16 mlh-24\"><span class=\"mf-16 mlh-24\">La semaine de IV B est <strong>le deuxi\u00e8me module de la formation professionnelle<\/strong> de Transformational Breath\u00ae\u00a0pendant lequel on approfondit et \u00e9largit les acquis du 4A en y int\u00e9grant : <\/span><span class=\"mf-16 mlh-24\">\u00a0<\/span><\/p>\r\n\r\n<ul>\r\n \t<li class=\"mf-16 mlh-24\"><span class=\"mf-16 mlh-24\">Le processus de coaching Transformational Breath\u00ae, compl\u00e9mentaire au souffle afin d'aider vos clients \u00e0 voir plus clair et focaliser l'\u00e9nergie de leur respiration. <\/span><\/li>\r\n \t<li class=\"mf-16 mlh-24\"><span class=\"mf-16 mlh-24\">Techniques de facilitation avanc\u00e9es telles que le travail sur la gorge pour une expression libre et puissante. <\/span><\/li>\r\n \t<li><span class=\"mf-16 mlh-24\">Analyse avanc\u00e9e de la respiration pour d\u00e9celer les profondeurs de ce que notre souffle peut r\u00e9v\u00e9ler sur nous. <\/span><\/li>\r\n \t<li><span class=\"mf-16 mlh-24\">Anatomie et physiologie de la respiration. <\/span><\/li>\r\n \t<li><span class=\"mf-16 mlh-24\">Clarification sur votre raison d'\u00eatre professionnelle et comment travailler avec joie, empowerment et \u00e9quilibre. <\/span><\/li>\r\n \t<li><span class=\"mf-16 mlh-24\">R\u00e9ponses \u00e0 toutes les questions que vous pourriez avoir !<\/span><\/li>\r\n<\/ul>\r\n<h5 class=\"mf-16 mlh-24\"><span class=\"mf-16 mlh-24\">A qui s'adresse ce stage :\r\n<\/span><\/h5>\r\n<p class=\"mf-16 mlh-24\"><span class=\"mf-16 mlh-24\">Le pr\u00e9requis pour cette formation est la formation IV A. <\/span><span class=\"mf-16 mlh-24\">\u00a0<\/span><span class=\"mf-16 mlh-24\"><span class=\"mf-18 mlh-26\">Un pas de plus vers la certification professionnelle !<\/span><\/span><\/p>\r\n\r\n<h5>Vos intervenants:<\/h5>\r\n<p class=\"so-global-p1 mf-16 mlh-20\"><strong><span class=\"mf-16 mlh-20\">Catharina von Bargen\u00a0<\/span><span class=\"mf-16 mlh-20\">et<\/span><span class=\"mf-16 mlh-20\">\u00a0<\/span><span class=\"mf-16 mlh-20\">Paul Barrett<\/span><\/strong><span class=\"mf-16 mlh-20\">\u00a0<\/span><span class=\"mf-16 mlh-20\">sont tous les deux formateurs s\u00e9nior certifi\u00e9s de\u00a0Transformational Breath\u00ae\u00a0avec\u00a0plus de trente ans d\u2019exp\u00e9rience dans l\u2019enseignement et le coaching en entreprise \u00e0 l'international.\u00a0<\/span><\/p>\r\n<p class=\"so-global-p1 mf-16 mlh-20\"><span class=\"mf-16 mlh-20\">\u00a0<\/span><span class=\"mf-16 mlh-20\">\u00c0 travers le\u00a0Transformational Leadership\u00a0et\u00a0Transformational Breath\u00ae,\u00a0leur but est que chacun devient acteur de sa propre vie et embrasse pleinement son v\u00e9ritable potentiel. Leur travail se situe au coeur du processus de transformation, l\u00e0 o\u00f9 des vrais changements en profondeur peuvent se faire.\u00a0<\/span><\/p>\r\n<p class=\"so-global-p1 mf-16 mlh-20\"><span class=\"mf-16 mlh-20\">\u00a0<\/span><\/p>\r\n&nbsp;\r\n\r\n&nbsp;","etiquettes":"Formation Certifiante","annuler":false,"organisateur":24749,"organisateur-animateur-1":"Catharina Von Bargen","organisateur-animateur-2":"Paul Barrett","organisateur-animateur-3":"","organisateur-numero-de-telephone":"+336 13 68 40 94","organisateur-adresse-email":"contact@catharinavonbargen.com","organisateur-site-internet":"https:\/\/www.catharinavonbargen.com\/","old_rencontre_id":""},"taxonomy_info":[],"featured_image_src_large":false,"author_info":[],"comment_info":"","_links":{"self":[{"href":"https:\/\/hameaudeletoile.com\/en\/wp-json\/wp\/v2\/rencontres\/28385","targetHints":{"allow":["GET"]}}],"collection":[{"href":"https:\/\/hameaudeletoile.com\/en\/wp-json\/wp\/v2\/rencontres"}],"about":[{"href":"https:\/\/hameaudeletoile.com\/en\/wp-json\/wp\/v2\/types\/rencontres"}],"version-history":[{"count":2,"href":"https:\/\/hameaudeletoile.com\/en\/wp-json\/wp\/v2\/rencontres\/28385\/revisions"}],"predecessor-version":[{"id":28391,"href":"https:\/\/hameaudeletoile.com\/en\/wp-json\/wp\/v2\/rencontres\/28385\/revisions\/28391"}],"acf:post":[{"embeddable":true,"href":"https:\/\/hameaudeletoile.com\/en\/wp-json\/wp\/v2\/organisateurs\/24749"},{"embeddable":true,"href":"https:\/\/hameaudeletoile.com\/en\/wp-json\/wp\/v2\/themes-rencontres\/23751"},{"embeddable":true,"href":"https:\/\/hameaudeletoile.com\/en\/wp-json\/wp\/v2\/themes-rencontres\/23689"},{"embeddable":true,"href":"https:\/\/hameaudeletoile.com\/en\/wp-json\/wp\/v2\/themes-rencontres\/23742"}],"wp:attachment":[{"href":"https:\/\/hameaudeletoile.com\/en\/wp-json\/wp\/v2\/media?parent=28385"}],"wp:term":[{"taxonomy":"rencontres-categories","embeddable":true,"href":"https:\/\/hameaudeletoile.com\/en\/wp-json\/wp\/v2\/rencontres-categories?post=28385"}],"curies":[{"name":"wp","href":"https:\/\/api.w.org\/{rel}","templated":true}]}}

<p class="mf-18 mlh-26"><span class="mf-18 mlh-26">Amenez votre pratique de Transformational Breath® </span><span class="mf-18 mlh-26">sur un autre niveau !</span></p>

<h5>Le programme - le contenu :</h5>
<p class="mf-16 mlh-24"><span class="mf-16 mlh-24">La semaine de IV B est <strong>le deuxième module de la formation professionnelle</strong> de Transformational Breath® pendant lequel on approfondit et élargit les acquis du 4A en y intégrant : </span><span class="mf-16 mlh-24"> </span></p>

<ul>
 	<li class="mf-16 mlh-24"><span class="mf-16 mlh-24">Le processus de coaching Transformational Breath®, complémentaire au souffle afin d'aider vos clients à voir plus clair et focaliser l'énergie de leur respiration. </span></li>
 	<li class="mf-16 mlh-24"><span class="mf-16 mlh-24">Techniques de facilitation avancées telles que le travail sur la gorge pour une expression libre et puissante. </span></li>
 	<li><span class="mf-16 mlh-24">Analyse avancée de la respiration pour déceler les profondeurs de ce que notre souffle peut révéler sur nous. </span></li>
 	<li><span class="mf-16 mlh-24">Anatomie et physiologie de la respiration. </span></li>
 	<li><span class="mf-16 mlh-24">Clarification sur votre raison d'être professionnelle et comment travailler avec joie, empowerment et équilibre. </span></li>
 	<li><span class="mf-16 mlh-24">Réponses à toutes les questions que vous pourriez avoir !</span></li>
</ul>
<h5 class="mf-16 mlh-24"><span class="mf-16 mlh-24">A qui s'adresse ce stage :
</span></h5>
<p class="mf-16 mlh-24"><span class="mf-16 mlh-24">Le prérequis pour cette formation est la formation IV A. </span><span class="mf-16 mlh-24"> </span><span class="mf-16 mlh-24"><span class="mf-18 mlh-26">Un pas de plus vers la certification professionnelle !</span></span></p>

<h5>Vos intervenants:</h5>
<p class="so-global-p1 mf-16 mlh-20"><strong><span class="mf-16 mlh-20">Catharina von Bargen </span><span class="mf-16 mlh-20">et</span><span class="mf-16 mlh-20"> </span><span class="mf-16 mlh-20">Paul Barrett</span></strong><span class="mf-16 mlh-20"> </span><span class="mf-16 mlh-20">sont tous les deux formateurs sénior certifiés de Transformational Breath® avec plus de trente ans d’expérience dans l’enseignement et le coaching en entreprise à l'international. </span></p>
<p class="so-global-p1 mf-16 mlh-20"><span class="mf-16 mlh-20"> </span><span class="mf-16 mlh-20">À travers le Transformational Leadership et Transformational Breath®, leur but est que chacun devient acteur de sa propre vie et embrasse pleinement son véritable potentiel. Leur travail se situe au coeur du processus de transformation, là où des vrais changements en profondeur peuvent se faire. </span></p>
<p class="so-global-p1 mf-16 mlh-20"><span class="mf-16 mlh-20"> </span></p>
&nbsp;

&nbsp;
