{"id":26845,"date":"2024-06-12T07:01:44","date_gmt":"2024-06-12T07:01:44","guid":{"rendered":""},"modified":"2024-06-17T13:25:42","modified_gmt":"2024-06-17T11:25:42","slug":"module-ponctuel-des-masques-emoi","status":"publish","type":"rencontres","link":"https:\/\/hameaudeletoile.com\/en\/rencontres\/module-ponctuel-des-masques-emoi\/","title":{"rendered":"Module Ponctuel: Des masques Emoi"},"featured_media":0,"template":"","meta":{"_acf_changed":false,"_kad_blocks_custom_css":"","_kad_blocks_head_custom_js":"","_kad_blocks_body_custom_js":"","_kad_blocks_footer_custom_js":"","_kadence_starter_templates_imported_post":false,"_kad_post_transparent":"default","_kad_post_title":"default","_kad_post_layout":"default","_kad_post_sidebar_id":"","_kad_post_content_style":"default","_kad_post_vertical_padding":"default","_kad_post_feature":"","_kad_post_feature_position":"","_kad_post_header":false,"_kad_post_footer":false,"_kad_post_classname":""},"rencontres-categories":[],"class_list":["post-26845","rencontres","type-rencontres","status-publish","hentry"],"acf":{"rencontre-theme-1":23662,"rencontre-theme-2":23751,"rencontre-theme-3":"","rencontre-date-et-heure-de-debut":"2024-07-22 10:30:00","rencontre-date-et-heure-de-fin":"2024-07-26 16:30:00","rencontre_tarifs":"","rencontre_tarifs_early_bird":"","date_fin_tarif_early_bird":null,"lien_de_reservation":"","rencontre-descriptif":"Le Masque est pr\u00e9sent dans toutes les cultures, c\u2019est un objet qui souvent impressionne, fait peur ou fascine. C\u2019est aussi un objet sacr\u00e9 qui fait partie de nombreux rituels. Le masque est ins\u00e9parable de celui qui le porte\u00a0: masque de chasse, masque de guerre, masque d\u2019initiation du chaman. Il peut \u00e9galement repr\u00e9senter la s\u00e9duction et parfois le masque mortuaire.\r\n\r\nPlut\u00f4t qu\u2019objet de dissimulation, le masque est donc \u00e0 consid\u00e9rer comme expression du caract\u00e8re profond de la personne.\r\n\r\nLe travail avec le masque est, comme le disait Freud \u00e0 propos du r\u00eave, \u00ab Une Voie Royale \u00bb, un chemin, qui permet d\u2019acc\u00e9der \u00e0 soi, nos parts cach\u00e9es, nos zones d\u2019ombres.\r\nCe stage propose d\u2019exp\u00e9rimenter un espace de distanciation, afin d\u2019\u00eatre transport\u00e9 dans un autre temps o\u00f9 la parole est absente, laissant place \u00e0 l\u2019expression du corps. Vous irez \u00e0 la rencontre de votre imaginaire, de vos r\u00eaves et de l\u2019\u00e9nergie qu\u2019ils contiennent.\r\n<h5><strong>A qui s'adresse ce stage :\r\n<\/strong><\/h5>\r\n<ul>\r\n \t<li>Professionnels souhaitant conna\u00eetre les fondamentaux de la Gestalt \u00e0 travers sa pratique,<\/li>\r\n \t<li>Coachs, psychologues, professionnels du conseil, de la relation d'aide, de l\u2019enseignement, du social et d\u2019autres disciplines similaires cherchant \u00e0 d\u00e9velopper leurs comp\u00e9tences relationnelles et de contact,<\/li>\r\n \t<li>Toute personne qui souhaite explorer et mieux appr\u00e9hender le travail sur les dynamiques corporelles,<\/li>\r\n \t<li>Les stagiaires de 1<sup style=\"font-family: var(--global-body-font-family);\">er<\/sup><span style=\"font-family: var(--global-body-font-family);\"> cycle qui candidatent au second cycle,<\/span><\/li>\r\n \t<li>Les \u00e9tudiants de 2<sup style=\"font-family: var(--global-body-font-family);\">e<\/sup><span style=\"font-family: var(--global-body-font-family);\"> et 3<\/span><sup style=\"font-family: var(--global-body-font-family);\">e<\/sup><span style=\"font-family: var(--global-body-font-family);\"> cycle, qui souhaitent approfondir les dynamiques corporelles et leur possible utilisation dans la relation d\u2019aide.<\/span><\/li>\r\n<\/ul>\r\nPlus d'informations\u00a0<a href=\"https:\/\/www.epg-gestalt.fr\/devenir-gestalt-praticien\/cycle1-modules-ponctuels\/des-masques-emoi-des-masques-vous\">https:\/\/www.epg-gestalt.fr\/devenir-gestalt-praticien\/cycle1-modules-ponctuels\/des-masques-emoi-des-masques-vous<\/a>","etiquettes":"","annuler":false,"organisateur":24680,"organisateur-animateur-1":"","organisateur-animateur-2":"","organisateur-animateur-3":"","organisateur-numero-de-telephone":"","organisateur-adresse-email":"","organisateur-site-internet":"","old_rencontre_id":2523},"taxonomy_info":[],"featured_image_src_large":false,"author_info":[],"comment_info":"","_links":{"self":[{"href":"https:\/\/hameaudeletoile.com\/en\/wp-json\/wp\/v2\/rencontres\/26845","targetHints":{"allow":["GET"]}}],"collection":[{"href":"https:\/\/hameaudeletoile.com\/en\/wp-json\/wp\/v2\/rencontres"}],"about":[{"href":"https:\/\/hameaudeletoile.com\/en\/wp-json\/wp\/v2\/types\/rencontres"}],"version-history":[{"count":2,"href":"https:\/\/hameaudeletoile.com\/en\/wp-json\/wp\/v2\/rencontres\/26845\/revisions"}],"predecessor-version":[{"id":27504,"href":"https:\/\/hameaudeletoile.com\/en\/wp-json\/wp\/v2\/rencontres\/26845\/revisions\/27504"}],"acf:post":[{"embeddable":true,"href":"https:\/\/hameaudeletoile.com\/en\/wp-json\/wp\/v2\/organisateurs\/24680"},{"embeddable":true,"href":"https:\/\/hameaudeletoile.com\/en\/wp-json\/wp\/v2\/themes-rencontres\/23751"},{"embeddable":true,"href":"https:\/\/hameaudeletoile.com\/en\/wp-json\/wp\/v2\/themes-rencontres\/23662"}],"wp:attachment":[{"href":"https:\/\/hameaudeletoile.com\/en\/wp-json\/wp\/v2\/media?parent=26845"}],"wp:term":[{"taxonomy":"rencontres-categories","embeddable":true,"href":"https:\/\/hameaudeletoile.com\/en\/wp-json\/wp\/v2\/rencontres-categories?post=26845"}],"curies":[{"name":"wp","href":"https:\/\/api.w.org\/{rel}","templated":true}]}}

Le Masque est présent dans toutes les cultures, c’est un objet qui souvent impressionne, fait peur ou fascine. C’est aussi un objet sacré qui fait partie de nombreux rituels. Le masque est inséparable de celui qui le porte : masque de chasse, masque de guerre, masque d’initiation du chaman. Il peut également représenter la séduction et parfois le masque mortuaire.

Plutôt qu’objet de dissimulation, le masque est donc à considérer comme expression du caractère profond de la personne.

Le travail avec le masque est, comme le disait Freud à propos du rêve, « Une Voie Royale », un chemin, qui permet d’accéder à soi, nos parts cachées, nos zones d’ombres.
Ce stage propose d’expérimenter un espace de distanciation, afin d’être transporté dans un autre temps où la parole est absente, laissant place à l’expression du corps. Vous irez à la rencontre de votre imaginaire, de vos rêves et de l’énergie qu’ils contiennent.
<h5><strong>A qui s'adresse ce stage :
</strong></h5>
<ul>
 	<li>Professionnels souhaitant connaître les fondamentaux de la Gestalt à travers sa pratique,</li>
 	<li>Coachs, psychologues, professionnels du conseil, de la relation d'aide, de l’enseignement, du social et d’autres disciplines similaires cherchant à développer leurs compétences relationnelles et de contact,</li>
 	<li>Toute personne qui souhaite explorer et mieux appréhender le travail sur les dynamiques corporelles,</li>
 	<li>Les stagiaires de 1<sup style="font-family: var(--global-body-font-family);">er</sup><span style="font-family: var(--global-body-font-family);"> cycle qui candidatent au second cycle,</span></li>
 	<li>Les étudiants de 2<sup style="font-family: var(--global-body-font-family);">e</sup><span style="font-family: var(--global-body-font-family);"> et 3</span><sup style="font-family: var(--global-body-font-family);">e</sup><span style="font-family: var(--global-body-font-family);"> cycle, qui souhaitent approfondir les dynamiques corporelles et leur possible utilisation dans la relation d’aide.</span></li>
</ul>
Plus d'informations <a href="https://www.epg-gestalt.fr/devenir-gestalt-praticien/cycle1-modules-ponctuels/des-masques-emoi-des-masques-vous">https://www.epg-gestalt.fr/devenir-gestalt-praticien/cycle1-modules-ponctuels/des-masques-emoi-des-masques-vous</a>
