{"id":26681,"date":"2024-06-12T07:01:44","date_gmt":"2024-06-12T07:01:44","guid":{"rendered":""},"modified":"2024-06-12T07:01:44","modified_gmt":"2024-06-12T07:01:44","slug":"reconnexion-a-soi-et-ecologie-interieure","status":"publish","type":"rencontres","link":"https:\/\/hameaudeletoile.com\/en\/rencontres\/reconnexion-a-soi-et-ecologie-interieure\/","title":{"rendered":"Reconnexion \u00e0 Soi et \u00e9cologie int\u00e9rieure"},"featured_media":0,"template":"","meta":{"_acf_changed":false,"_kad_blocks_custom_css":"","_kad_blocks_head_custom_js":"","_kad_blocks_body_custom_js":"","_kad_blocks_footer_custom_js":"","_kadence_starter_templates_imported_post":false,"_kad_post_transparent":"","_kad_post_title":"","_kad_post_layout":"","_kad_post_sidebar_id":"","_kad_post_content_style":"","_kad_post_vertical_padding":"","_kad_post_feature":"","_kad_post_feature_position":"","_kad_post_header":false,"_kad_post_footer":false,"_kad_post_classname":""},"rencontres-categories":[],"class_list":["post-26681","rencontres","type-rencontres","status-publish","hentry"],"acf":{"rencontre-theme-1":23711,"rencontre-theme-2":23689,"rencontre-theme-3":null,"rencontre-date-et-heure-de-debut":"2023-02-25 10:30:00","rencontre-date-et-heure-de-fin":"2023-02-27 16:00:00","rencontre_tarifs":200,"rencontre_tarifs_early_bird":"","date_fin_tarif_early_bird":null,"lien_de_reservation":"","rencontre-descriptif":"<p style=\"text-align:center\"><strong><span style=\"font-family:Arial,Helvetica,sans-serif\">Stage n&deg;1 - Reconnexion &agrave; Soi et &eacute;cologie int&eacute;rieure <\/span><\/strong><\/p>\r\n\r\n<p style=\"text-align:center\"><strong><span style=\"font-family:Arial,Helvetica,sans-serif\">Se conna&icirc;tre, conscientiser ses conditionnements limitants,<\/span><\/strong><\/p>\r\n\r\n<p style=\"text-align:center\"><strong><span style=\"font-family:Arial,Helvetica,sans-serif\">r&eacute;v&eacute;ler ses aspirations profondes et lib&eacute;rer sa puissance cr&eacute;atrice<\/span><\/strong><\/p>\r\n\r\n<p><u>R&eacute;sum&eacute;<\/u><\/p>\r\n\r\n<p>Notre cerveau fonctionne en en grande partie en mode conditionn&eacute;. Norme sociale, &eacute;ducative, h&eacute;ritage g&eacute;n&eacute;rationnel, si notre mode &laquo; pilote automatique &raquo; nous est b&eacute;n&eacute;fique dans de nombreux cas, il se r&eacute;v&egrave;le pr&eacute;judiciable &agrave; chaque fois qu&rsquo;il reproduit sans conscience des fonctionnements qui nous desservent, nous limitent, souvent &agrave; notre insu. &laquo; &Ccedil;a ne se fait pas &raquo;, &laquo; je n&rsquo;y arriverai jamais &raquo;, &laquo; c&rsquo;est normal car tout le monde le fait &raquo;, &laquo; on me manque toujours de respect &raquo;, nos circuits internes font le jeu de nos d&eacute;responsabilisations et rejouent nos sch&eacute;mas tant qu&rsquo;ils demeurent inconscients. Reprendre notre pouvoir et nos responsabilit&eacute;s, c&rsquo;est voir en face nos injonctions pour rechoisir nos cadres et y prendre appui, c&rsquo;est sentir et choisir o&ugrave; sont nosr&eacute;ponses justes, et optimiser notre potentiel. Dans la transformation de soi, d&eacute;couvrir nos valeurs et aspirations profondes, nos talents uniques, moteurs de joie comme d&rsquo;action align&eacute;e, va de pair avec le remplacement de nos sch&eacute;mas obsol&egrave;tes. Comme une vielle peau dont on s&rsquo;affranchit au fur et &agrave; mesure que la nouvelle appara&icirc;t.<\/p>\r\n\r\n<p>Ainsi, nous mettrons en lumi&egrave;re le fonctionnement de nos repr&eacute;sentations limitantes, de nos &eacute;motions, et &eacute;tudierons l&rsquo;&eacute;quilibre possible entre notre raison et nos ressentis, dont notre intuition, nos sensations. En revisitant le pass&eacute; en vue d&rsquo;en dig&eacute;rer les aspects encore pesants, nous pourrons aussi nous en approprier ses forces et acquis. Ce chemin de r&eacute;v&eacute;lation passe par la mise en lumi&egrave;re de nos sch&eacute;mas de d&eacute;fense, nos blessures &eacute;motionnelles, qui touchent au fonctionnement de notre ego.<\/p>\r\n\r\n<p>Enfin, en d&eacute;frichant nos potentiels et &eacute;lans profonds se dessineront de nouvelles voies d&rsquo;accomplissement de soi. Nous visualiserons de mani&egrave;re concr&egrave;te ce champ &eacute;largi de nos possibles. Des perspectives et connexions enclench&eacute;es qui repr&eacute;senteront autant d&rsquo;invitations &agrave; suivre notre conscience ensuite plus librement...<\/p>\r\n\r\n<p><u><strong>Th&egrave;mes abord&eacute;s<\/strong><\/u> (programme susceptible d&rsquo;ajustements &agrave; la marge)<\/p>\r\n\r\n<p>&sect; Se conna&icirc;tre : valeurs besoins<\/p>\r\n\r\n<p>&sect; Fonctionnement du cerveau et &eacute;quilibre raison \/ ressenti intuition<\/p>\r\n\r\n<p>&sect; Intention des &eacute;motions et blessures &eacute;motionnelles<\/p>\r\n\r\n<p>&sect; Se reconnecter &agrave; son corps et ses ressentis<\/p>\r\n\r\n<p>&sect; R&ocirc;le de l&rsquo;ego, repr&eacute;sentations et limitations internes<\/p>\r\n\r\n<p>&sect; Bilan de vos exp&eacute;riences de vie, votre rapport &agrave; la r&eacute;ussite et l&rsquo;&eacute;chec<\/p>\r\n\r\n<p>&sect; Fermer les dossiers du pass&eacute;, pardonner et se pardonner, nettoyer la culpabilit&eacute;, s&rsquo;autoriser l&rsquo;avenir<\/p>\r\n\r\n<p>&sect; Contacter vos talents et aspirations<\/p>\r\n\r\n<p>&sect; Conforter son estime de soi vers la joie, l&rsquo;&eacute;merveillement, la libert&eacute;<\/p>\r\n\r\n<p><u><strong>Modalit&eacute;s :<\/strong><\/u> Groupe de 6 &agrave; 10 personnes. L&rsquo;accompagnement se compose d&rsquo;apports th&eacute;oriques, d&rsquo;exercices pratiques et de questionnements coaching auxquels chaque participant r&eacute;pond d&rsquo;abord pour lui-m&ecirc;me. Un partage des prises de conscience et pistes d&rsquo;engagement dans des actions concr&egrave;tes est propos&eacute; pour celles\/ceux qui le souhaitent. Pr&eacute;voir de quoi &eacute;crire.<\/p>\r\n\r\n<p>Dur&eacute;e &amp; horaires : 3 jours - 1er jour : 10h30-19h - 2&egrave;me jour : 9h-19h - 3&egrave;me jour : 9h-17h. Pauses d&eacute;jeuner : 1h30<\/p>\r\n\r\n<p>Inscriptions : par email dans la limite des places disponibles et au plus tard 3 jours avant le stage pascale@revelezvotrenature.fr Tarif : 460&euro; &agrave; 540&euro; tout compris (200 &euro; pour le stage + h&eacute;bergement et repas : 260&euro;\/pers en chambre double ou 340&euro; en chambre individuelle pour l&rsquo;ensemble du stage ; d&eacute;gressif au-del&agrave; de 6 inscrits ; me contacter)<\/p>","etiquettes":"","annuler":false,"organisateur":24998,"organisateur-animateur-1":"","organisateur-animateur-2":"","organisateur-animateur-3":"","organisateur-numero-de-telephone":"","organisateur-adresse-email":"","organisateur-site-internet":"","old_rencontre_id":2349},"taxonomy_info":[],"featured_image_src_large":false,"author_info":[],"comment_info":"","_links":{"self":[{"href":"https:\/\/hameaudeletoile.com\/en\/wp-json\/wp\/v2\/rencontres\/26681","targetHints":{"allow":["GET"]}}],"collection":[{"href":"https:\/\/hameaudeletoile.com\/en\/wp-json\/wp\/v2\/rencontres"}],"about":[{"href":"https:\/\/hameaudeletoile.com\/en\/wp-json\/wp\/v2\/types\/rencontres"}],"version-history":[{"count":0,"href":"https:\/\/hameaudeletoile.com\/en\/wp-json\/wp\/v2\/rencontres\/26681\/revisions"}],"acf:post":[{"embeddable":true,"href":"https:\/\/hameaudeletoile.com\/en\/wp-json\/wp\/v2\/organisateurs\/24998"},{"embeddable":true,"href":"https:\/\/hameaudeletoile.com\/en\/wp-json\/wp\/v2\/themes-rencontres\/23689"},{"embeddable":true,"href":"https:\/\/hameaudeletoile.com\/en\/wp-json\/wp\/v2\/themes-rencontres\/23711"}],"wp:attachment":[{"href":"https:\/\/hameaudeletoile.com\/en\/wp-json\/wp\/v2\/media?parent=26681"}],"wp:term":[{"taxonomy":"rencontres-categories","embeddable":true,"href":"https:\/\/hameaudeletoile.com\/en\/wp-json\/wp\/v2\/rencontres-categories?post=26681"}],"curies":[{"name":"wp","href":"https:\/\/api.w.org\/{rel}","templated":true}]}}

Reconnexion à Soi et écologie intérieure
