{"id":26141,"date":"2024-06-12T07:01:44","date_gmt":"2024-06-12T07:01:44","guid":{"rendered":""},"modified":"2024-06-12T07:01:44","modified_gmt":"2024-06-12T07:01:44","slug":"eveil-de-la-planete-interieure","status":"publish","type":"rencontres","link":"https:\/\/hameaudeletoile.com\/en\/rencontres\/eveil-de-la-planete-interieure\/","title":{"rendered":"\u00c9VEIL DE LA PLAN\u00c8TE INT\u00c9RIEURE"},"featured_media":0,"template":"","meta":{"_acf_changed":false,"_kad_blocks_custom_css":"","_kad_blocks_head_custom_js":"","_kad_blocks_body_custom_js":"","_kad_blocks_footer_custom_js":"","_kadence_starter_templates_imported_post":false,"_kad_post_transparent":"","_kad_post_title":"","_kad_post_layout":"","_kad_post_sidebar_id":"","_kad_post_content_style":"","_kad_post_vertical_padding":"","_kad_post_feature":"","_kad_post_feature_position":"","_kad_post_header":false,"_kad_post_footer":false,"_kad_post_classname":""},"rencontres-categories":[],"class_list":["post-26141","rencontres","type-rencontres","status-publish","hentry"],"acf":{"rencontre-theme-1":23710,"rencontre-theme-2":23698,"rencontre-theme-3":23711,"rencontre-date-et-heure-de-debut":"2021-10-08 17:00:00","rencontre-date-et-heure-de-fin":"2021-10-10 17:00:00","rencontre_tarifs":275,"rencontre_tarifs_early_bird":"","date_fin_tarif_early_bird":null,"lien_de_reservation":"","rencontre-descriptif":"<h1><span style=\"color:#4e5f70\"><span style=\"font-size:22px\"><span style=\"font-family:Verdana,Geneva,sans-serif\"><strong>Un&nbsp;week-end,&nbsp;pour activer votre pouvoir cr&eacute;ateur<\/strong><\/span><\/span><\/span><\/h1>\r\n\r\n<h2 style=\"text-align:justify\"><span style=\"color:#4e5f70\"><span style=\"font-size:16px\"><span style=\"font-family:Verdana,Geneva,sans-serif\">Deux jours, dans un environnement exceptionnel,&nbsp;pour retrouver <strong>le v&eacute;ritable sens de sa vie<\/strong>, contacter <strong>l&#39;essence de son &acirc;me<\/strong><br \/>\r\net mieux comprendre <strong>les messages de notre corps <\/strong>lorsqu&rsquo;on s&rsquo;en &eacute;loigne.<\/span><\/span><\/span><\/h2>\r\n\r\n<p>&nbsp;<\/p>\r\n\r\n<blockquote>\r\n<p style=\"text-align:justify\"><span style=\"font-size:14px\"><span style=\"font-family:Arial,Helvetica,sans-serif\">Nous &nbsp;sommes tous une parcelle de terre ... la vie moderne et nos constructions mentales nous coupent de cette v&eacute;rit&eacute; , aboutissant &agrave; des dysfonctionnements, des maladies,<br \/>\r\nune perte de sens , un mal-&ecirc;tre profond et finit par d&eacute;stabiliser tout l&#39;&eacute;cosyst&egrave;me dont nous faisons partie.&nbsp; R&eacute;-apprendre &agrave; cultiver notre symbiose avec le vivant que nous sommes ,<br \/>\r\nest le premier pas sur le chemin de l&rsquo;unit&eacute; pour go&ucirc;ter la joie, l&rsquo;harmonie et la paix.&nbsp;<\/span><\/span><\/p>\r\n\r\n<p style=\"text-align:justify\"><span style=\"font-size:14px\"><span style=\"font-family:Arial,Helvetica,sans-serif\">Dans cette invitation &agrave; explorer votre Plan&egrave;te Int&eacute;rieure, l&agrave; o&ugrave; l&rsquo;infiniment petit ouvre l&rsquo;acc&egrave;s &agrave; votre infiniment grand, je vous accompagne &agrave; la rencontre de votre vraie nature et<br \/>\r\nvous propose de vous &nbsp;relier &agrave; la partie la plus &eacute;lev&eacute;e de votre &ecirc;tre pour activer votre plus grand pouvoir cr&eacute;ateur.<\/span><\/span><\/p>\r\n<\/blockquote>\r\n\r\n<h3>&nbsp;<\/h3>\r\n\r\n<h3>&nbsp;<\/h3>\r\n\r\n<h3><span style=\"font-size:20px\"><span style=\"font-family:Arial,Helvetica,sans-serif\"><strong>Votre intervenant :<\/strong><\/span><\/span><\/h3>\r\n\r\n<p><span style=\"font-size:14px\"><span style=\"font-family:Arial,Helvetica,sans-serif\">De formation scientifique, Pierre a parcouru pendant 25 ann&eacute;es le monde, &agrave; la d&eacute;couverte des agricultures et des modes d&rsquo;alimentation des plus traditionnels aux plus modernes.<br \/>\r\nIl r&eacute;unit l&rsquo;ensemble de ses connaissances acquises durant toutes ces ann&eacute;es, &agrave; la crois&eacute;e de la science, de la spiritualit&eacute; et de la philosophie.&nbsp; Cr&eacute;ateur du concept de Plan&egrave;te Int&eacute;rieure<br \/>\r\net du Laboratoire d&rsquo;Intelligence Nutritionnelle, Pierre cr&eacute;e des ponts entre les derni&egrave;res d&eacute;couvertes scientifiques -dont il n&rsquo;a de cesse de vulgariser les r&eacute;sultats pour les rendre accessibles<br \/>\r\n&agrave; tous- avec les sagesses mill&eacute;naires rencontr&eacute;es en Afrique, Chine, Am&eacute;rique centrale ou encore au coeur de l&#39;Himalaya.&nbsp; Aujourd&rsquo;hui il accompagne avec passion les personnes &agrave; l&rsquo;expansion<br \/>\r\ne leur conscience et leur &eacute;volution personnelle.<\/span><\/span><\/p>\r\n\r\n<h3>&nbsp;<\/h3>\r\n\r\n<h3><strong><span style=\"font-size:20px\">Au programme :<\/span><\/strong><\/h3>\r\n\r\n<p style=\"text-align:justify\"><span style=\"font-size:14px\"><span style=\"font-family:Arial,Helvetica,sans-serif\">Lors de l&rsquo;animation de tous mes stages, je privil&eacute;gie l&rsquo;apprentissage par la voie de l&rsquo;exp&eacute;rience, du ressenti, de la sensorialit&eacute;, en d&eacute;veloppant une &eacute;coute sensible du corps et de notre environnement,<br \/>\r\nde mani&egrave;re simple et concr&egrave;te.&nbsp;Mon approche int&egrave;gre l&rsquo;ensemble de l&rsquo;&ecirc;tre aux plans biologique, physique, nutritionnel, mental, psychologique, spirituel et environnemental de mani&egrave;re simple,<br \/>\r\np&eacute;dagogique et accessible au plus grand nombre.<\/span><\/span><\/p>\r\n\r\n<p>&nbsp;<\/p>\r\n\r\n<p>&nbsp;<\/p>\r\n\r\n<p><span style=\"font-size:20px\"><span style=\"font-family:Arial,Helvetica,sans-serif\"><strong>Inscription : <a href=\"https:\/\/www.billetweb.fr\/eveil-de-la-planete-interieure4\">cliquez ici<\/a><\/strong><\/span><\/span><\/p>","etiquettes":"","annuler":false,"organisateur":24853,"organisateur-animateur-1":"","organisateur-animateur-2":"","organisateur-animateur-3":"","organisateur-numero-de-telephone":"","organisateur-adresse-email":"","organisateur-site-internet":"","old_rencontre_id":1658},"taxonomy_info":[],"featured_image_src_large":false,"author_info":[],"comment_info":"","_links":{"self":[{"href":"https:\/\/hameaudeletoile.com\/en\/wp-json\/wp\/v2\/rencontres\/26141","targetHints":{"allow":["GET"]}}],"collection":[{"href":"https:\/\/hameaudeletoile.com\/en\/wp-json\/wp\/v2\/rencontres"}],"about":[{"href":"https:\/\/hameaudeletoile.com\/en\/wp-json\/wp\/v2\/types\/rencontres"}],"version-history":[{"count":0,"href":"https:\/\/hameaudeletoile.com\/en\/wp-json\/wp\/v2\/rencontres\/26141\/revisions"}],"acf:post":[{"embeddable":true,"href":"https:\/\/hameaudeletoile.com\/en\/wp-json\/wp\/v2\/organisateurs\/24853"},{"embeddable":true,"href":"https:\/\/hameaudeletoile.com\/en\/wp-json\/wp\/v2\/themes-rencontres\/23711"},{"embeddable":true,"href":"https:\/\/hameaudeletoile.com\/en\/wp-json\/wp\/v2\/themes-rencontres\/23698"},{"embeddable":true,"href":"https:\/\/hameaudeletoile.com\/en\/wp-json\/wp\/v2\/themes-rencontres\/23710"}],"wp:attachment":[{"href":"https:\/\/hameaudeletoile.com\/en\/wp-json\/wp\/v2\/media?parent=26141"}],"wp:term":[{"taxonomy":"rencontres-categories","embeddable":true,"href":"https:\/\/hameaudeletoile.com\/en\/wp-json\/wp\/v2\/rencontres-categories?post=26141"}],"curies":[{"name":"wp","href":"https:\/\/api.w.org\/{rel}","templated":true}]}}

ÉVEIL DE LA PLANÈTE INTÉRIEURE
