{"id":23945,"date":"2024-06-12T07:01:20","date_gmt":"2024-06-12T07:01:20","guid":{"rendered":""},"modified":"2026-04-09T12:06:21","modified_gmt":"2026-04-09T10:06:21","slug":"sarah-serievic","status":"publish","type":"animateurs","link":"https:\/\/hameaudeletoile.com\/en\/animateurs\/sarah-serievic\/","title":{"rendered":"Sarah Serievic"},"featured_media":3726,"template":"","meta":{"_acf_changed":false,"_kad_blocks_custom_css":"","_kad_blocks_head_custom_js":"","_kad_blocks_body_custom_js":"","_kad_blocks_footer_custom_js":"","_kadence_starter_templates_imported_post":false,"_kad_post_transparent":"default","_kad_post_title":"default","_kad_post_layout":"default","_kad_post_sidebar_id":"","_kad_post_content_style":"default","_kad_post_vertical_padding":"default","_kad_post_feature":"","_kad_post_feature_position":"","_kad_post_header":false,"_kad_post_footer":false,"_kad_post_classname":""},"class_list":["post-23945","animateurs","type-animateurs","status-publish","has-post-thumbnail","hentry"],"acf":{"prenom":"Sarah","nom":"Serievic","image_bio":31782,"biographie":"<h4>Rencontre avec Sarah Serievic<\/h4>\r\n<a href=\"https:\/\/www.sarah-serievic.com\/theatre-authentique\" target=\"_blank\" rel=\"noopener\"><strong>Sarah Serievic<\/strong><\/a> est une <strong>psychoth\u00e9rapeute et com\u00e9dienne passionn\u00e9e,<\/strong> qui a su fusionner ses deux vocations en cr\u00e9ant le \u00ab<strong> Th\u00e9\u00e2tre Authentique<\/strong> \u00bb. Apr\u00e8s 15 ans sur les planches, elle a ressenti un appel plus profond vers la th\u00e9rapie et l'accompagnement des autres. C\u2019est sa rencontre avec Anne Ancelin-Sch\u00fctzenberger, pionni\u00e8re du psychodrame, qui a marqu\u00e9 un tournant d\u00e9cisif dans sa vie. Gr\u00e2ce \u00e0 cette formation, Sarah a d\u00e9couvert la puissance du jeu de r\u00f4le et de l\u2019<strong>expression th\u00e9\u00e2trale dans le d\u00e9veloppement personnel<\/strong>. Cela l'a pouss\u00e9e \u00e0 cr\u00e9er une approche unique qui utilise le th\u00e9\u00e2tre comme un<strong> outil th\u00e9rapeutique<\/strong> puissant pour explorer les \u00e9motions et r\u00e9v\u00e9ler l'\u00e9nergie cr\u00e9atrice des individus.\r\n<h4>Parcours et Transmission<\/h4>\r\nForm\u00e9e au Conservatoire National Sup\u00e9rieur d'Art Dramatique de Paris, Sarah a partag\u00e9 la sc\u00e8ne avec des figures embl\u00e9matiques du th\u00e9\u00e2tre et du cin\u00e9ma, telles que Jean Poiret, Michel Serrault, et Robert Hirsch. En parall\u00e8le, elle a suivi une formation en psychodrame, puis a int\u00e9gr\u00e9 ces connaissances \u00e0 son parcours artistique pour cr\u00e9er le \u00ab Th\u00e9\u00e2tre Authentique \u00bb. Cette m\u00e9thode, qu'elle enseigne aujourd'hui dans des <a href=\"https:\/\/hameaudeletoile.com\/rencontres\/le-choix-daimer-9\/\" target=\"_blank\" rel=\"noopener\"><strong>stages<\/strong><\/a> et s\u00e9minaires, m\u00eale profondeur psychologique et expression th\u00e9\u00e2trale pour permettre aux participants de se reconnecter \u00e0 eux-m\u00eames. Sarah utilise \u00e9galement ses comp\u00e9tences en entreprise pour am\u00e9liorer la communication et les relations interpersonnelles \u00e0 travers des formations sur-mesure.","old_animateur_id":209,"social_options":["Facebook","Youtube","Siteweb"],"instagram":"","facebook":"https:\/\/www.facebook.com\/people\/Le-Th%C3%A9%C3%A2tre-Authentique-Sarah-Serievic\/100022668356448\/","linkedin":"","twitter":"","youtube":"https:\/\/www.youtube.com\/watch?v=2rEzRTBdO9E","siteweb":"https:\/\/www.sarah-serievic.com\/"},"taxonomy_info":[],"featured_image_src_large":["https:\/\/hameaudeletoile.com\/wp-content\/uploads\/images-hameau\/photo-animateur\/sarah_serievic.jpg",200,200,false],"author_info":[],"comment_info":"","_links":{"self":[{"href":"https:\/\/hameaudeletoile.com\/en\/wp-json\/wp\/v2\/animateurs\/23945","targetHints":{"allow":["GET"]}}],"collection":[{"href":"https:\/\/hameaudeletoile.com\/en\/wp-json\/wp\/v2\/animateurs"}],"about":[{"href":"https:\/\/hameaudeletoile.com\/en\/wp-json\/wp\/v2\/types\/animateurs"}],"version-history":[{"count":4,"href":"https:\/\/hameaudeletoile.com\/en\/wp-json\/wp\/v2\/animateurs\/23945\/revisions"}],"predecessor-version":[{"id":41951,"href":"https:\/\/hameaudeletoile.com\/en\/wp-json\/wp\/v2\/animateurs\/23945\/revisions\/41951"}],"wp:featuredmedia":[{"embeddable":true,"href":"https:\/\/hameaudeletoile.com\/en\/wp-json\/wp\/v2\/media\/3726"}],"wp:attachment":[{"href":"https:\/\/hameaudeletoile.com\/en\/wp-json\/wp\/v2\/media?parent=23945"}],"curies":[{"name":"wp","href":"https:\/\/api.w.org\/{rel}","templated":true}]}}

<h4>Rencontre avec Sarah Serievic</h4>
<a href="https://www.sarah-serievic.com/theatre-authentique" target="_blank" rel="noopener"><strong>Sarah Serievic</strong></a> est une <strong>psychothérapeute et comédienne passionnée,</strong> qui a su fusionner ses deux vocations en créant le «<strong> Théâtre Authentique</strong> ». Après 15 ans sur les planches, elle a ressenti un appel plus profond vers la thérapie et l'accompagnement des autres. C’est sa rencontre avec Anne Ancelin-Schützenberger, pionnière du psychodrame, qui a marqué un tournant décisif dans sa vie. Grâce à cette formation, Sarah a découvert la puissance du jeu de rôle et de l’<strong>expression théâtrale dans le développement personnel</strong>. Cela l'a poussée à créer une approche unique qui utilise le théâtre comme un<strong> outil thérapeutique</strong> puissant pour explorer les émotions et révéler l'énergie créatrice des individus.
<h4>Parcours et Transmission</h4>
Formée au Conservatoire National Supérieur d'Art Dramatique de Paris, Sarah a partagé la scène avec des figures emblématiques du théâtre et du cinéma, telles que Jean Poiret, Michel Serrault, et Robert Hirsch. En parallèle, elle a suivi une formation en psychodrame, puis a intégré ces connaissances à son parcours artistique pour créer le « Théâtre Authentique ». Cette méthode, qu'elle enseigne aujourd'hui dans des <a href="https://hameaudeletoile.com/rencontres/le-choix-daimer-9/" target="_blank" rel="noopener"><strong>stages</strong></a> et séminaires, mêle profondeur psychologique et expression théâtrale pour permettre aux participants de se reconnecter à eux-mêmes. Sarah utilise également ses compétences en entreprise pour améliorer la communication et les relations interpersonnelles à travers des formations sur-mesure.
